{"id":62,"date":"2021-01-18T11:41:36","date_gmt":"2021-01-18T10:41:36","guid":{"rendered":"http:\/\/collectif-enfance-jeunesse01.fr\/?page_id=62"},"modified":"2024-05-20T12:48:25","modified_gmt":"2024-05-20T10:48:25","slug":"les-actions-du-collectif","status":"publish","type":"page","link":"https:\/\/collectif-enfance-jeunesse01.fr\/?page_id=62","title":{"rendered":"Les actions du collectif"},"content":{"rendered":"<p><img width=\"150\" height=\"150\" src=\"http:\/\/collectif-enfance-jeunesse01.fr\/wp-content\/uploads\/2024\/02\/Sans-titre-4-150x150.png\" alt=\"\" loading=\"lazy\" srcset=\"http:\/\/collectif-enfance-jeunesse01.fr\/wp-content\/uploads\/2024\/02\/Sans-titre-4-150x150.png 150w, http:\/\/collectif-enfance-jeunesse01.fr\/wp-content\/uploads\/2024\/02\/Sans-titre-4-300x300.png 300w\" sizes=\"(max-width: 150px) 100vw, 150px\"><\/p>\n<h2>Festival H\u00e9rissons-Nous !<\/h2>\n<p>La programmation d\u2019un temps fort de spectacles, rencontres, r\u00e9sidences, ateliers, tables rondes sur le d\u00e9partement : le festival \u00ab H\u00e9rissons-nous ! \u00bb<br \/>\n<a href=\"http:\/\/collectif-enfance-jeunesse01.fr\/?page_id=445\">1 \u00e8re \u00e9dition qui a eu lieu du 7\/02 au 14\/03\/2019<\/a><br \/>\n<a href=\"http:\/\/collectif-enfance-jeunesse01.fr\/?page_id=438\">2 \u00e8me \u00e9dition qui a eu lieu du 13 janvier au 17 mars 2021&nbsp;<\/a><br \/>\n<a href=\"http:\/\/collectif-enfance-jeunesse01.fr\/?page_id=652\">3 \u00e8me \u00e9dition qui a eu lieu du 8 mars au 7 mai 2023<\/a><br \/>\n<a href=\"http:\/\/collectif-enfance-jeunesse01.fr\/?page_id=755\">4 \u00e8me \u00e9dition qui aura lieu du 8 f\u00e9vrier au 22 mars 2025<\/a><\/p>\n<p>Que ce soit durant le festival &#8220;H\u00e9rissons-nous !&#8221; ou durant le reste de l&#8217;ann\u00e9e, vous pouvez retrouver toutes les propositions artistiques (class\u00e9es par \u00e2ge) des membres du collectif ci-dessous.<br \/>\nN&#8217;h\u00e9sitez pas \u00e0 faire appel \u00e0 eux.<\/p>\n<p style=\"padding:0;margin:0\"><iframe src=\"https:\/\/padlet.com\/embed\/d9lu4q90mt8k5ath\" frameborder=\"0\" allow=\"camera;microphone;geolocation\" style=\"width:100%;height:608px;display:block;padding:0;margin:0\"><\/iframe><\/p>\n<p><a href=\"https:\/\/padlet.com?ref=embed\" style=\"display:block;flex-grow:0;margin:0;border:none;padding:0;text-decoration:none\" target=\"_blank\" rel=\"noopener\"><img src=\"https:\/\/padlet.net\/embeds\/made_with_padlet_2022.png\" width=\"114\" height=\"28\" style=\"padding:0;margin:0;background:0 0;border:none;box-shadow:none\" alt=\"Fait avec Padlet\"><\/a><br \/>\n<script type=\"text\/javascript\">\r\ndocument.addEventListener(\"DOMContentLoaded\", function(event) { \r\n\tjQuery( '#slider-pro-3-505' ).sliderPro({\r\n\t\t\/\/width\r\n\t\t\t\twidth: 1000,\r\n\t\t\t\t\r\n\t\t\/\/height\r\n\t\t\t\theight: 500,\r\n\t\t\t\t\r\n\t\t\/\/auto play\r\n\t\t\t\tautoplay:  true,\r\n\t\tautoplayOnHover: 'none',\r\n\t\t\t\t\t\t\t\tautoplayDelay: 5000,\r\n\t\t\r\n\t\t\r\n\t\tarrows: true,\r\n\t\tbuttons: true,\r\n\t\tsmallSize: 500,\r\n\t\tmediumSize: 1000,\r\n\t\tlargeSize: 3000,\r\n\t\tfade: true,\r\n\t\t\r\n\t\t\/\/thumbnail\r\n\t\tthumbnailArrows: true,\r\n\t\tthumbnailWidth: 120,\r\n\t\tthumbnailHeight: 120,\r\n\t\t\t\t\t\t\t\tcenterImage: true,\r\n\t\timageScaleMode: 'cover',\r\n\t\tallowScaleUp: true,\r\n\t\t\t\tstartSlide: 0,\r\n\t\tloop: true,\r\n\t\tslideDistance: 5,\r\n\t\tautoplayDirection: 'normal',\r\n\t\ttouchSwipe: true,\r\n\t\tfullScreen: true,\r\n\t});\r\n});\r\n<\/script>\r\n<style>\r\n\/* Layout 3 *\/\r\n\/* border *\/\r\n#slider-pro-3-505 .sp-selected-thumbnail {\r\n\tborder: 4px solid #000000;\r\n}\r\n\r\n\/* font + color *\/\r\n.title-in  {\r\n\tfont-family: Arial !important;\r\n\tcolor: #FFFFFF !important;\r\n\tbackground-color: #000000 !important;\r\n\topacity: 0.7 !important;\r\n}\r\n.desc-in  {\r\n\tfont-family: Arial !important;\r\n\tcolor: #FFFFFF !important;\r\n\tbackground-color: #00000 !important;\r\n\topacity: 0.7 !important;\r\n}\r\n\r\n\/* bullets color *\/\r\n.sp-button  {\r\n\tborder: 2px solid #000000 !important;\r\n}\r\n.sp-selected-button  {\r\n\tbackground-color: #000000 !important;\r\n}\r\n\r\n\/* pointer color - bottom *\/\r\n\r\n\/* pointer color - top *\/\r\n\r\n\/* full screen icon *\/\r\n.sp-full-screen-button::before {\r\n    color: #FFFFFF !important;\r\n}\r\n\r\n\/* hover navigation icon color *\/\r\n.sp-next-arrow::after, .sp-next-arrow::before {\r\n\tbackground-color: #FFFFFF !important;\r\n}\r\n.sp-previous-arrow::after, .sp-previous-arrow::before {\r\n\tbackground-color: #FFFFFF !important;\r\n}\r\n\r\n#slider-pro-3-505 .title-in {\r\n\tcolor: #FFFFFF !important;\r\n\tfont-weight: bolder;\r\n\ttext-align: center;\r\n}\r\n\r\n#slider-pro-3-505 .title-in-bg {\r\n\tbackground: rgba(255, 255, 255, 0.7); !important;\r\n\twhite-space: unset !important;\r\n\tmax-width: 90%;\r\n\tmin-width: 40%;\r\n\ttransform: initial !important;\r\n\t-webkit-transform: initial !important;\r\n\tfont-size: 14px !important;\r\n}\r\n\r\n#slider-pro-3-505 .desc-in {\r\n\tcolor: #FFFFFF !important;\r\n\ttext-align: center;\r\n}\r\n#slider-pro-3-505 .desc-in-bg {\r\n\tbackground: rgba(#00000, 0.7) !important;\r\n\twhite-space: unset !important;\r\n\twidth: 80% !important;\r\n\tmin-width: 30%;\r\n\ttransform: initial !important;\r\n\t-webkit-transform: initial !important;\r\n\tfont-size: 13px !important;\r\n}\r\n\r\n@media (max-width: 640px) {\r\n\t#slider-pro-3-505 .hide-small-screen {\r\n\t\tdisplay: none;\r\n\t}\r\n}\r\n\r\n@media (max-width: 860px) {\r\n\t#slider-pro-3-505 .sp-layer {\r\n\t\tfont-size: 18px;\r\n\t}\r\n\t\r\n\t#slider-pro-3-505 .hide-medium-screen {\r\n\t\tdisplay: none;\r\n\t}\r\n}\r\n.slides-not-found {\r\n\tbackground-color: #a92929;\r\n\tborder-radius: 5px;\r\n\tcolor: #fff;\r\n\tfont-family: initial;\r\n\ttext-align: center;\r\n\tpadding:12px;\r\n}\r\n\/* Custom CSS *\/\r\n<\/style>\r\n<h3 class=\"uris-slider-post-title\">Les actions du collectif<\/h3>\r\n\t\t<div id=\"slider-pro-3-505\" class=\"slider-pro\">\r\n\t\t\t<!---- slides div start ---->\r\n\t\t\t<div class=\"sp-slides\">\r\n\t\t\t\t\t\t\t\t\t\t<div class=\"sp-slide\">\r\n\t\t\t\t\t\t\t<img class=\"sp-image\" alt=\"IMG_5207\" src=\"https:\/\/collectif-enfance-jeunesse01.fr\/wp-content\/plugins\/ultimate-responsive-image-slider\/assets\/css\/images\/blank.gif\" data-src=\"https:\/\/collectif-enfance-jeunesse01.fr\/wp-content\/uploads\/2021\/01\/IMG_5207-scaled.jpg\" \/>\r\n\r\n\t\t\t\t\t\t\t\r\n\t\t\t\t\t\t\t\t\t\t\t\t\t<\/div>\r\n\t\t\t\t\t\t\t\t\t\t\t\t<div class=\"sp-slide\">\r\n\t\t\t\t\t\t\t<img class=\"sp-image\" alt=\"IMG_5210\" src=\"https:\/\/collectif-enfance-jeunesse01.fr\/wp-content\/plugins\/ultimate-responsive-image-slider\/assets\/css\/images\/blank.gif\" data-src=\"https:\/\/collectif-enfance-jeunesse01.fr\/wp-content\/uploads\/2021\/01\/IMG_5210-scaled.jpg\" \/>\r\n\r\n\t\t\t\t\t\t\t\r\n\t\t\t\t\t\t\t\t\t\t\t\t\t<\/div>\r\n\t\t\t\t\t\t\t\t\t\t\t\t<div class=\"sp-slide\">\r\n\t\t\t\t\t\t\t<img class=\"sp-image\" alt=\"IMG_5206\" src=\"https:\/\/collectif-enfance-jeunesse01.fr\/wp-content\/plugins\/ultimate-responsive-image-slider\/assets\/css\/images\/blank.gif\" data-src=\"https:\/\/collectif-enfance-jeunesse01.fr\/wp-content\/uploads\/2021\/01\/IMG_5206-scaled.jpg\" \/>\r\n\r\n\t\t\t\t\t\t\t\r\n\t\t\t\t\t\t\t\t\t\t\t\t\t<\/div>\r\n\t\t\t\t\t\t\t\t\t\t\t\t<div class=\"sp-slide\">\r\n\t\t\t\t\t\t\t<img class=\"sp-image\" alt=\"IMG_5205\" src=\"https:\/\/collectif-enfance-jeunesse01.fr\/wp-content\/plugins\/ultimate-responsive-image-slider\/assets\/css\/images\/blank.gif\" data-src=\"https:\/\/collectif-enfance-jeunesse01.fr\/wp-content\/uploads\/2021\/01\/IMG_5205-scaled.jpg\" \/>\r\n\r\n\t\t\t\t\t\t\t\r\n\t\t\t\t\t\t\t\t\t\t\t\t\t<\/div>\r\n\t\t\t\t\t\t\t\t\t\t\t\t<div class=\"sp-slide\">\r\n\t\t\t\t\t\t\t<img class=\"sp-image\" alt=\"IMG_5212\" src=\"https:\/\/collectif-enfance-jeunesse01.fr\/wp-content\/plugins\/ultimate-responsive-image-slider\/assets\/css\/images\/blank.gif\" data-src=\"https:\/\/collectif-enfance-jeunesse01.fr\/wp-content\/uploads\/2021\/01\/IMG_5212-scaled.jpg\" \/>\r\n\r\n\t\t\t\t\t\t\t\r\n\t\t\t\t\t\t\t\t\t\t\t\t\t<\/div>\r\n\t\t\t\t\t\t\t\t\t\t\t\t<div class=\"sp-slide\">\r\n\t\t\t\t\t\t\t<img class=\"sp-image\" alt=\"IMG_5208\" src=\"https:\/\/collectif-enfance-jeunesse01.fr\/wp-content\/plugins\/ultimate-responsive-image-slider\/assets\/css\/images\/blank.gif\" data-src=\"https:\/\/collectif-enfance-jeunesse01.fr\/wp-content\/uploads\/2021\/01\/IMG_5208-scaled.jpg\" \/>\r\n\r\n\t\t\t\t\t\t\t\r\n\t\t\t\t\t\t\t\t\t\t\t\t\t<\/div>\r\n\t\t\t\t\t\t\t\t\t\t\t\t<div class=\"sp-slide\">\r\n\t\t\t\t\t\t\t<img class=\"sp-image\" alt=\"IMG_5204\" src=\"https:\/\/collectif-enfance-jeunesse01.fr\/wp-content\/plugins\/ultimate-responsive-image-slider\/assets\/css\/images\/blank.gif\" data-src=\"https:\/\/collectif-enfance-jeunesse01.fr\/wp-content\/uploads\/2021\/01\/IMG_5204-scaled.jpg\" \/>\r\n\r\n\t\t\t\t\t\t\t\r\n\t\t\t\t\t\t\t\t\t\t\t\t\t<\/div>\r\n\t\t\t\t\t\t\t\t\t<\/div>\r\n\t\t\t\r\n\t\t\t<!---- slides div end ---->\r\n\t\t\t\t\t\t<!-- slides thumbnails div start -->\r\n\t\t\t<div class=\"sp-thumbnails\">\r\n\t\t\t\t\t\t\t\t\t\t<img class=\"sp-thumbnail\" src=\"https:\/\/collectif-enfance-jeunesse01.fr\/wp-content\/plugins\/ultimate-responsive-image-slider\/assets\/img\/loading.gif\" data-src=\"https:\/\/collectif-enfance-jeunesse01.fr\/wp-content\/uploads\/2021\/01\/IMG_5207-300x225.jpg\" alt=\"IMG_5207\"\/>\r\n\t\t\t\t\t\t\t\t\t\t\t<img class=\"sp-thumbnail\" src=\"https:\/\/collectif-enfance-jeunesse01.fr\/wp-content\/plugins\/ultimate-responsive-image-slider\/assets\/img\/loading.gif\" data-src=\"https:\/\/collectif-enfance-jeunesse01.fr\/wp-content\/uploads\/2021\/01\/IMG_5210-300x225.jpg\" alt=\"IMG_5210\"\/>\r\n\t\t\t\t\t\t\t\t\t\t\t<img class=\"sp-thumbnail\" src=\"https:\/\/collectif-enfance-jeunesse01.fr\/wp-content\/plugins\/ultimate-responsive-image-slider\/assets\/img\/loading.gif\" data-src=\"https:\/\/collectif-enfance-jeunesse01.fr\/wp-content\/uploads\/2021\/01\/IMG_5206-300x225.jpg\" alt=\"IMG_5206\"\/>\r\n\t\t\t\t\t\t\t\t\t\t\t<img class=\"sp-thumbnail\" src=\"https:\/\/collectif-enfance-jeunesse01.fr\/wp-content\/plugins\/ultimate-responsive-image-slider\/assets\/img\/loading.gif\" data-src=\"https:\/\/collectif-enfance-jeunesse01.fr\/wp-content\/uploads\/2021\/01\/IMG_5205-225x300.jpg\" alt=\"IMG_5205\"\/>\r\n\t\t\t\t\t\t\t\t\t\t\t<img class=\"sp-thumbnail\" src=\"https:\/\/collectif-enfance-jeunesse01.fr\/wp-content\/plugins\/ultimate-responsive-image-slider\/assets\/img\/loading.gif\" data-src=\"https:\/\/collectif-enfance-jeunesse01.fr\/wp-content\/uploads\/2021\/01\/IMG_5212-300x225.jpg\" alt=\"IMG_5212\"\/>\r\n\t\t\t\t\t\t\t\t\t\t\t<img class=\"sp-thumbnail\" src=\"https:\/\/collectif-enfance-jeunesse01.fr\/wp-content\/plugins\/ultimate-responsive-image-slider\/assets\/img\/loading.gif\" data-src=\"https:\/\/collectif-enfance-jeunesse01.fr\/wp-content\/uploads\/2021\/01\/IMG_5208-300x225.jpg\" alt=\"IMG_5208\"\/>\r\n\t\t\t\t\t\t\t\t\t\t\t<img class=\"sp-thumbnail\" src=\"https:\/\/collectif-enfance-jeunesse01.fr\/wp-content\/plugins\/ultimate-responsive-image-slider\/assets\/img\/loading.gif\" data-src=\"https:\/\/collectif-enfance-jeunesse01.fr\/wp-content\/uploads\/2021\/01\/IMG_5204-300x225.jpg\" alt=\"IMG_5204\"\/>\r\n\t\t\t\t\t\t\t\t<\/div>\r\n\t\t\t\t\t\t<!-- slides thumbnails div end -->\r\n\t\t<\/div>\r\n\n<p>Au cours des diff\u00e9rentes r\u00e9unions de concertation et de r\u00e9flexion, deux chantiers prioritaires ont \u00e9t\u00e9 valid\u00e9s :<\/p>\n<p>La mise en place de journ\u00e9es : de r\u00e9flexion sur le jeune public<br \/>\n&#8211; 14 janvier 2017 au Galet \u00e0 Reyrieux : la perception et l\u2019imaginaire de l\u2019enfant<br \/>\n&#8211; 29 janvier 2020 \u00e0 l\u2019INSPE \u00e0 Bourg-en-Bresse : L\u2019organisation de spectacles jeune public : d\u00e9bat sur des ateliers th\u00e9matiques (pr\u00e9paration de l\u2019enfant au spectacle, \u00e9conomie du spectacle Jeune Public, comment s\u2019adresser \u00e0 un public jeune ? travailler avec les acteurs de l\u2019enfance).<br \/>\nR\u00e9flexion commune autour de la question de l&#8217;adresse au jeune public dans les cr\u00e9ations en cours de trois compagnies.<br \/>\nPr\u00e9sentation et \u00e9changes autour du paysage du Jeune Public en France par Estelle Derquenne, coordinatrice g\u00e9n\u00e9rale d\u2019ASSITEJ sc\u00e8ne d\u2019enfance et d\u2019ailleurs et visite des ateliers de la Cie Arnica.<\/p>\n","protected":false},"excerpt":{"rendered":"<p>Festival H\u00e9rissons-Nous ! La programmation d\u2019un temps fort de spectacles, &hellip; <\/p>\n","protected":false},"author":1,"featured_media":0,"parent":0,"menu_order":0,"comment_status":"closed","ping_status":"closed","template":"","meta":{"_bbp_topic_count":0,"_bbp_reply_count":0,"_bbp_total_topic_count":0,"_bbp_total_reply_count":0,"_bbp_voice_count":0,"_bbp_anonymous_reply_count":0,"_bbp_topic_count_hidden":0,"_bbp_reply_count_hidden":0,"_bbp_forum_subforum_count":0},"yoast_head":"<!-- This site is optimized with the Yoast SEO plugin v18.0 - https:\/\/yoast.com\/wordpress\/plugins\/seo\/ -->\n<title>Les actions du collectif - Collectif culture pour l&#039;enfance et la jeunesse de l&#039;ain<\/title>\n<meta name=\"robots\" content=\"index, follow, max-snippet:-1, max-image-preview:large, max-video-preview:-1\" \/>\n<link rel=\"canonical\" href=\"http:\/\/collectif-enfance-jeunesse01.fr\/?page_id=62\" \/>\n<meta property=\"og:locale\" content=\"fr_FR\" \/>\n<meta property=\"og:type\" content=\"article\" \/>\n<meta property=\"og:title\" content=\"Les actions du collectif - Collectif culture pour l&#039;enfance et la jeunesse de l&#039;ain\" \/>\n<meta property=\"og:description\" content=\"Festival H\u00e9rissons-Nous ! La programmation d\u2019un temps fort de spectacles, &hellip;\" \/>\n<meta property=\"og:url\" content=\"http:\/\/collectif-enfance-jeunesse01.fr\/?page_id=62\" \/>\n<meta property=\"og:site_name\" content=\"Collectif culture pour l&#039;enfance et la jeunesse de l&#039;ain\" \/>\n<meta property=\"article:modified_time\" content=\"2024-05-20T10:48:25+00:00\" \/>\n<meta property=\"og:image\" content=\"http:\/\/collectif-enfance-jeunesse01.fr\/wp-content\/uploads\/2024\/02\/Sans-titre-4-150x150.png\" \/>\n<meta name=\"twitter:card\" content=\"summary_large_image\" \/>\n<meta name=\"twitter:label1\" content=\"Dur\u00e9e de lecture estim\u00e9e\" \/>\n\t<meta name=\"twitter:data1\" content=\"2 minutes\" \/>\n<script type=\"application\/ld+json\" class=\"yoast-schema-graph\">{\"@context\":\"https:\/\/schema.org\",\"@graph\":[{\"@type\":\"WebSite\",\"@id\":\"https:\/\/collectif-enfance-jeunesse01.fr\/#website\",\"url\":\"https:\/\/collectif-enfance-jeunesse01.fr\/\",\"name\":\"Collectif culture pour l&#039;enfance et la jeunesse de l&#039;ain\",\"description\":\"\",\"potentialAction\":[{\"@type\":\"SearchAction\",\"target\":{\"@type\":\"EntryPoint\",\"urlTemplate\":\"https:\/\/collectif-enfance-jeunesse01.fr\/?s={search_term_string}\"},\"query-input\":\"required name=search_term_string\"}],\"inLanguage\":\"fr-FR\"},{\"@type\":\"ImageObject\",\"@id\":\"http:\/\/collectif-enfance-jeunesse01.fr\/?page_id=62#primaryimage\",\"inLanguage\":\"fr-FR\",\"url\":\"http:\/\/collectif-enfance-jeunesse01.fr\/wp-content\/uploads\/2024\/02\/Sans-titre-4-150x150.png\",\"contentUrl\":\"http:\/\/collectif-enfance-jeunesse01.fr\/wp-content\/uploads\/2024\/02\/Sans-titre-4-150x150.png\"},{\"@type\":\"WebPage\",\"@id\":\"http:\/\/collectif-enfance-jeunesse01.fr\/?page_id=62#webpage\",\"url\":\"http:\/\/collectif-enfance-jeunesse01.fr\/?page_id=62\",\"name\":\"Les actions du collectif - Collectif culture pour l&#039;enfance et la jeunesse de l&#039;ain\",\"isPartOf\":{\"@id\":\"https:\/\/collectif-enfance-jeunesse01.fr\/#website\"},\"primaryImageOfPage\":{\"@id\":\"http:\/\/collectif-enfance-jeunesse01.fr\/?page_id=62#primaryimage\"},\"datePublished\":\"2021-01-18T10:41:36+00:00\",\"dateModified\":\"2024-05-20T10:48:25+00:00\",\"breadcrumb\":{\"@id\":\"http:\/\/collectif-enfance-jeunesse01.fr\/?page_id=62#breadcrumb\"},\"inLanguage\":\"fr-FR\",\"potentialAction\":[{\"@type\":\"ReadAction\",\"target\":[\"http:\/\/collectif-enfance-jeunesse01.fr\/?page_id=62\"]}]},{\"@type\":\"BreadcrumbList\",\"@id\":\"http:\/\/collectif-enfance-jeunesse01.fr\/?page_id=62#breadcrumb\",\"itemListElement\":[{\"@type\":\"ListItem\",\"position\":1,\"name\":\"Accueil\",\"item\":\"https:\/\/collectif-enfance-jeunesse01.fr\/\"},{\"@type\":\"ListItem\",\"position\":2,\"name\":\"Les actions du collectif\"}]}]}<\/script>\n<!-- \/ Yoast SEO plugin. -->","yoast_head_json":{"title":"Les actions du collectif - Collectif culture pour l&#039;enfance et la jeunesse de l&#039;ain","robots":{"index":"index","follow":"follow","max-snippet":"max-snippet:-1","max-image-preview":"max-image-preview:large","max-video-preview":"max-video-preview:-1"},"canonical":"http:\/\/collectif-enfance-jeunesse01.fr\/?page_id=62","og_locale":"fr_FR","og_type":"article","og_title":"Les actions du collectif - Collectif culture pour l&#039;enfance et la jeunesse de l&#039;ain","og_description":"Festival H\u00e9rissons-Nous ! La programmation d\u2019un temps fort de spectacles, &hellip;","og_url":"http:\/\/collectif-enfance-jeunesse01.fr\/?page_id=62","og_site_name":"Collectif culture pour l&#039;enfance et la jeunesse de l&#039;ain","article_modified_time":"2024-05-20T10:48:25+00:00","og_image":[{"url":"http:\/\/collectif-enfance-jeunesse01.fr\/wp-content\/uploads\/2024\/02\/Sans-titre-4-150x150.png"}],"twitter_card":"summary_large_image","twitter_misc":{"Dur\u00e9e de lecture estim\u00e9e":"2 minutes"},"schema":{"@context":"https:\/\/schema.org","@graph":[{"@type":"WebSite","@id":"https:\/\/collectif-enfance-jeunesse01.fr\/#website","url":"https:\/\/collectif-enfance-jeunesse01.fr\/","name":"Collectif culture pour l&#039;enfance et la jeunesse de l&#039;ain","description":"","potentialAction":[{"@type":"SearchAction","target":{"@type":"EntryPoint","urlTemplate":"https:\/\/collectif-enfance-jeunesse01.fr\/?s={search_term_string}"},"query-input":"required name=search_term_string"}],"inLanguage":"fr-FR"},{"@type":"ImageObject","@id":"http:\/\/collectif-enfance-jeunesse01.fr\/?page_id=62#primaryimage","inLanguage":"fr-FR","url":"http:\/\/collectif-enfance-jeunesse01.fr\/wp-content\/uploads\/2024\/02\/Sans-titre-4-150x150.png","contentUrl":"http:\/\/collectif-enfance-jeunesse01.fr\/wp-content\/uploads\/2024\/02\/Sans-titre-4-150x150.png"},{"@type":"WebPage","@id":"http:\/\/collectif-enfance-jeunesse01.fr\/?page_id=62#webpage","url":"http:\/\/collectif-enfance-jeunesse01.fr\/?page_id=62","name":"Les actions du collectif - Collectif culture pour l&#039;enfance et la jeunesse de l&#039;ain","isPartOf":{"@id":"https:\/\/collectif-enfance-jeunesse01.fr\/#website"},"primaryImageOfPage":{"@id":"http:\/\/collectif-enfance-jeunesse01.fr\/?page_id=62#primaryimage"},"datePublished":"2021-01-18T10:41:36+00:00","dateModified":"2024-05-20T10:48:25+00:00","breadcrumb":{"@id":"http:\/\/collectif-enfance-jeunesse01.fr\/?page_id=62#breadcrumb"},"inLanguage":"fr-FR","potentialAction":[{"@type":"ReadAction","target":["http:\/\/collectif-enfance-jeunesse01.fr\/?page_id=62"]}]},{"@type":"BreadcrumbList","@id":"http:\/\/collectif-enfance-jeunesse01.fr\/?page_id=62#breadcrumb","itemListElement":[{"@type":"ListItem","position":1,"name":"Accueil","item":"https:\/\/collectif-enfance-jeunesse01.fr\/"},{"@type":"ListItem","position":2,"name":"Les actions du collectif"}]}]}},"_links":{"self":[{"href":"https:\/\/collectif-enfance-jeunesse01.fr\/index.php?rest_route=\/wp\/v2\/pages\/62"}],"collection":[{"href":"https:\/\/collectif-enfance-jeunesse01.fr\/index.php?rest_route=\/wp\/v2\/pages"}],"about":[{"href":"https:\/\/collectif-enfance-jeunesse01.fr\/index.php?rest_route=\/wp\/v2\/types\/page"}],"author":[{"embeddable":true,"href":"https:\/\/collectif-enfance-jeunesse01.fr\/index.php?rest_route=\/wp\/v2\/users\/1"}],"replies":[{"embeddable":true,"href":"https:\/\/collectif-enfance-jeunesse01.fr\/index.php?rest_route=%2Fwp%2Fv2%2Fcomments&post=62"}],"version-history":[{"count":45,"href":"https:\/\/collectif-enfance-jeunesse01.fr\/index.php?rest_route=\/wp\/v2\/pages\/62\/revisions"}],"predecessor-version":[{"id":812,"href":"https:\/\/collectif-enfance-jeunesse01.fr\/index.php?rest_route=\/wp\/v2\/pages\/62\/revisions\/812"}],"wp:attachment":[{"href":"https:\/\/collectif-enfance-jeunesse01.fr\/index.php?rest_route=%2Fwp%2Fv2%2Fmedia&parent=62"}],"curies":[{"name":"wp","href":"https:\/\/api.w.org\/{rel}","templated":true}]}}